{"id":2920,"date":"2026-04-29T11:05:00","date_gmt":"2026-04-29T09:05:00","guid":{"rendered":"https:\/\/baeder.stw.at\/?page_id=2920"},"modified":"2026-04-29T11:05:01","modified_gmt":"2026-04-29T09:05:01","slug":"barrierefreiheitserklarung","status":"publish","type":"page","link":"https:\/\/baeder.stw.at\/en\/barrierefreiheitserklarung\/","title":{"rendered":"Barrierefreiheitserkl\u00e4rung"},"content":{"rendered":"<div id=\"ep-block-spacer-block_5830ac88b9297d66ce5310a36456b26c\" class=\"ep-block-spacer ep-block \">\n            <div  class=\"show-frontend gbg-white py-0!\">\n                        <style>\n                #ep-spacer-ZNMZp {\n                    height: 100px;\n                }\n\n                @media (max-width: 767px) {\n                    #ep-spacer-ZNMZp {\n                        height: 40px;\n                    }\n                }\n\n                @media (min-width: 768px) and (max-width: 1023px) {\n                    #ep-spacer-ZNMZp {\n                        height: 60px;\n                    }\n                }\n            <\/style>\n            <div id=\"ep-spacer-ZNMZp\"><\/div>\n        <\/div>\n    <\/div>\n\n\n<div id=\"ep-wysiwyg-block_fce52e87c00449bc40eb2523dfd28cea\" class=\"ep-wysiwyg ep-block \">\n                        <div class=\"show-frontend gbg-white\">\n                <div class=\"ep-inner\">\n                    <div class=\"text  ep-wysiwyg-styles\"><h1>Barrierefreiheitserkl\u00e4rung \u2013 Baeder.stw.at<\/h1>\n<p class=\"font-claude-response-body break-words whitespace-normal leading-[1.7]\">Die Stadtwerke Klagenfurt AG ist bestrebt, ihre Website <strong>b\u00e4der.stw.at<\/strong> im Einklang mit dem Web-Zug\u00e4nglichkeits-Gesetz (WZG) sowie der Richtlinie (EU) 2016\/2102 \u00fcber den barrierefreien Zugang zu den Websites und mobilen Anwendungen \u00f6ffentlicher Stellen barrierefrei zug\u00e4nglich zu machen.<\/p>\n<p class=\"font-claude-response-body break-words whitespace-normal leading-[1.7]\">Diese Erkl\u00e4rung zur Barrierefreiheit gilt f\u00fcr die Website <strong>b\u00e4der.stw.at<\/strong>.<\/p>\n<hr class=\"border-border-200 border-t-0.5 my-3 mx-1.5\" \/>\n<h3 class=\"text-text-100 mt-3 -mb-1 text-[1.125rem] font-bold\">Stand der Vereinbarkeit mit den Anforderungen<\/h3>\n<p class=\"font-claude-response-body break-words whitespace-normal leading-[1.7]\">Die Website ist teilweise mit Konformit\u00e4tsstufe AA der Web Content Accessibility Guidelines \u2013 WCAG 2.1 vereinbar.<\/p>\n<hr class=\"border-border-200 border-t-0.5 my-3 mx-1.5\" \/>\n<h3 class=\"text-text-100 mt-3 -mb-1 text-[1.125rem] font-bold\">Nicht barrierefreie Inhalte<\/h3>\n<p class=\"font-claude-response-body break-words whitespace-normal leading-[1.7]\">Die nachfolgenden Inhalte sind aus folgenden Gr\u00fcnden nicht barrierefrei:<\/p>\n<ul class=\"[li_&amp;]:mb-0 [li_&amp;]:mt-1 [li_&amp;]:gap-1 [&amp;:not(:last-child)_ul]:pb-1 [&amp;:not(:last-child)_ol]:pb-1 list-disc flex flex-col gap-1 pl-8 mb-3\">\n<li class=\"whitespace-normal break-words pl-2\"><strong>Farbkontraste 1.4.3 (AA):<\/strong> Text und Hintergrund weisen nicht immer ausreichende Kontraste auf.<\/li>\n<li class=\"whitespace-normal break-words pl-2\"><strong>PDF-Dokumente 1.1.1 (A), 1.3.1 (A), 1.3.2 (A) u. a.:<\/strong> PDF-Dateien sind nicht durchg\u00e4ngig barrierefrei aufbereitet (z. B. fehlende Tags, Lesezeichen oder Lesereihenfolge).<\/li>\n<\/ul>\n<p class=\"font-claude-response-body break-words whitespace-normal leading-[1.7]\"><strong>Begr\u00fcndung:<\/strong> Die Barrieren bestehen aufgrund der Komplexit\u00e4t der Inhalte und historisch gewachsener technischer Strukturen. Eine vollst\u00e4ndige Barrierefreiheit wird angestrebt.<\/p>\n<hr class=\"border-border-200 border-t-0.5 my-3 mx-1.5\" \/>\n<h3 class=\"text-text-100 mt-3 -mb-1 text-[1.125rem] font-bold\">Erstellung dieser Erkl\u00e4rung<\/h3>\n<p class=\"font-claude-response-body break-words whitespace-normal leading-[1.7]\">Diese Erkl\u00e4rung wurde am <strong>29. April 2026<\/strong>\u00a0erstellt.<\/p>\n<p class=\"font-claude-response-body break-words whitespace-normal leading-[1.7]\">Die Bewertung der Website basiert auf einer Selbsteinsch\u00e4tzung, automatisierten Tests sowie manuellen Tests einzelner Seiten.<\/p>\n<hr class=\"border-border-200 border-t-0.5 my-3 mx-1.5\" \/>\n<h3 class=\"text-text-100 mt-3 -mb-1 text-[1.125rem] font-bold\">Feedback und Kontakt<\/h3>\n<p class=\"font-claude-response-body break-words whitespace-normal leading-[1.7]\">Sie sind auf Barrieren gesto\u00dfen, die nicht in dieser Erkl\u00e4rung aufgef\u00fchrt sind? Oder Sie m\u00f6chten Informationen in barrierefreier Form anfordern?<\/p>\n<p class=\"font-claude-response-body break-words whitespace-normal leading-[1.7]\">Dann kontaktieren Sie uns bitte:<\/p>\n<p class=\"font-claude-response-body break-words whitespace-normal leading-[1.7]\"><strong>Stadtwerke Klagenfurt AG<\/strong> St. Veiter Stra\u00dfe 31 9020 Klagenfurt am W\u00f6rthersee<\/p>\n<p class=\"font-claude-response-body break-words whitespace-normal leading-[1.7]\"><a class=\"underline underline underline-offset-2 decoration-1 decoration-current\/40 hover:decoration-current focus:decoration-current\" href=\"tel:+43463521880\">+43 463 521 880<\/a> \u2709\ufe0f <a class=\"underline underline underline-offset-2 decoration-1 decoration-current\/40 hover:decoration-current focus:decoration-current\" href=\"mailto:marketing@stw.at\">marketing@stw.at<\/a><\/p>\n<\/div>\n                <\/div>\n            <\/div>\n            <\/div>\n\n\n<div id=\"ep-block-spacer-block_5830ac88b9297d66ce5310a36456b26c\" class=\"ep-block-spacer ep-block \">\n            <div  class=\"show-frontend gbg-white py-0!\">\n                        <style>\n                #ep-spacer-uovwv {\n                    height: 100px;\n                }\n\n                @media (max-width: 767px) {\n                    #ep-spacer-uovwv {\n                        height: 40px;\n                    }\n                }\n\n                @media (min-width: 768px) and (max-width: 1023px) {\n                    #ep-spacer-uovwv {\n                        height: 60px;\n                    }\n                }\n            <\/style>\n            <div id=\"ep-spacer-uovwv\"><\/div>\n        <\/div>\n    <\/div>\n","protected":false},"excerpt":{"rendered":"","protected":false},"author":4,"featured_media":0,"parent":0,"menu_order":0,"comment_status":"closed","ping_status":"closed","template":"","meta":{"_acf_changed":false,"footnotes":""},"page_activity":[],"page_category":[],"class_list":["post-2920","page","type-page","status-publish","hentry"],"acf":[],"yoast_head":"<!-- This site is optimized with the Yoast SEO Premium plugin v27.5 (Yoast SEO v27.5) - https:\/\/yoast.com\/product\/yoast-seo-premium-wordpress\/ -->\n<title>Barrierefreiheitserkl\u00e4rung - baeder.stw.at<\/title>\n<meta name=\"robots\" content=\"index, follow, max-snippet:-1, max-image-preview:large, max-video-preview:-1\" \/>\n<link rel=\"canonical\" href=\"https:\/\/baeder.stw.at\/en\/barrierefreiheitserklarung\/\" \/>\n<meta property=\"og:locale\" content=\"en_US\" \/>\n<meta property=\"og:type\" content=\"article\" \/>\n<meta property=\"og:title\" content=\"Barrierefreiheitserkl\u00e4rung\" \/>\n<meta property=\"og:url\" content=\"https:\/\/baeder.stw.at\/en\/barrierefreiheitserklarung\/\" \/>\n<meta property=\"og:site_name\" content=\"baeder.stw.at\" \/>\n<meta property=\"article:publisher\" content=\"http:\/\/facebook.com\/stadtwerkeklagenfurt\" \/>\n<meta property=\"article:modified_time\" content=\"2026-04-29T09:05:01+00:00\" \/>\n<meta name=\"twitter:card\" content=\"summary_large_image\" \/>\n<script type=\"application\/ld+json\" class=\"yoast-schema-graph\">{\"@context\":\"https:\\\/\\\/schema.org\",\"@graph\":[{\"@type\":\"WebPage\",\"@id\":\"https:\\\/\\\/baeder.stw.at\\\/en\\\/barrierefreiheitserklarung\\\/\",\"url\":\"https:\\\/\\\/baeder.stw.at\\\/en\\\/barrierefreiheitserklarung\\\/\",\"name\":\"Barrierefreiheitserkl\u00e4rung - baeder.stw.at\",\"isPartOf\":{\"@id\":\"https:\\\/\\\/baeder.stw.at\\\/en\\\/#website\"},\"datePublished\":\"2026-04-29T09:05:00+00:00\",\"dateModified\":\"2026-04-29T09:05:01+00:00\",\"breadcrumb\":{\"@id\":\"https:\\\/\\\/baeder.stw.at\\\/en\\\/barrierefreiheitserklarung\\\/#breadcrumb\"},\"inLanguage\":\"en-US\",\"potentialAction\":[{\"@type\":\"ReadAction\",\"target\":[\"https:\\\/\\\/baeder.stw.at\\\/en\\\/barrierefreiheitserklarung\\\/\"]}]},{\"@type\":\"BreadcrumbList\",\"@id\":\"https:\\\/\\\/baeder.stw.at\\\/en\\\/barrierefreiheitserklarung\\\/#breadcrumb\",\"itemListElement\":[{\"@type\":\"ListItem\",\"position\":1,\"name\":\"Home\",\"item\":\"https:\\\/\\\/baeder.stw.at\\\/en\\\/\"},{\"@type\":\"ListItem\",\"position\":2,\"name\":\"Barrierefreiheitserkl\u00e4rung\"}]},{\"@type\":\"WebSite\",\"@id\":\"https:\\\/\\\/baeder.stw.at\\\/en\\\/#website\",\"url\":\"https:\\\/\\\/baeder.stw.at\\\/en\\\/\",\"name\":\"baeder.stw.at\",\"description\":\"\",\"publisher\":{\"@id\":\"https:\\\/\\\/baeder.stw.at\\\/en\\\/#organization\"},\"potentialAction\":[{\"@type\":\"SearchAction\",\"target\":{\"@type\":\"EntryPoint\",\"urlTemplate\":\"https:\\\/\\\/baeder.stw.at\\\/en\\\/?s={search_term_string}\"},\"query-input\":{\"@type\":\"PropertyValueSpecification\",\"valueRequired\":true,\"valueName\":\"search_term_string\"}}],\"inLanguage\":\"en-US\"},{\"@type\":\"Organization\",\"@id\":\"https:\\\/\\\/baeder.stw.at\\\/en\\\/#organization\",\"name\":\"Stadtwerke Klagenfurt AG\",\"url\":\"https:\\\/\\\/baeder.stw.at\\\/en\\\/\",\"logo\":{\"@type\":\"ImageObject\",\"inLanguage\":\"en-US\",\"@id\":\"https:\\\/\\\/baeder.stw.at\\\/en\\\/#\\\/schema\\\/logo\\\/image\\\/\",\"url\":\"https:\\\/\\\/baeder.stw.at\\\/wp-content\\\/uploads\\\/2026\\\/01\\\/strandbad-logo.png\",\"contentUrl\":\"https:\\\/\\\/baeder.stw.at\\\/wp-content\\\/uploads\\\/2026\\\/01\\\/strandbad-logo.png\",\"width\":183,\"height\":48,\"caption\":\"Stadtwerke Klagenfurt AG\"},\"image\":{\"@id\":\"https:\\\/\\\/baeder.stw.at\\\/en\\\/#\\\/schema\\\/logo\\\/image\\\/\"},\"sameAs\":[\"http:\\\/\\\/facebook.com\\\/stadtwerkeklagenfurt\",\"http:\\\/\\\/instagram.com\\\/stadtwerkeklagenfurt\\\/\"]}]}<\/script>\n<!-- \/ Yoast SEO Premium plugin. -->","yoast_head_json":{"title":"Barrierefreiheitserkl\u00e4rung - baeder.stw.at","robots":{"index":"index","follow":"follow","max-snippet":"max-snippet:-1","max-image-preview":"max-image-preview:large","max-video-preview":"max-video-preview:-1"},"canonical":"https:\/\/baeder.stw.at\/en\/barrierefreiheitserklarung\/","og_locale":"en_US","og_type":"article","og_title":"Barrierefreiheitserkl\u00e4rung","og_url":"https:\/\/baeder.stw.at\/en\/barrierefreiheitserklarung\/","og_site_name":"baeder.stw.at","article_publisher":"http:\/\/facebook.com\/stadtwerkeklagenfurt","article_modified_time":"2026-04-29T09:05:01+00:00","twitter_card":"summary_large_image","schema":{"@context":"https:\/\/schema.org","@graph":[{"@type":"WebPage","@id":"https:\/\/baeder.stw.at\/en\/barrierefreiheitserklarung\/","url":"https:\/\/baeder.stw.at\/en\/barrierefreiheitserklarung\/","name":"Barrierefreiheitserkl\u00e4rung - baeder.stw.at","isPartOf":{"@id":"https:\/\/baeder.stw.at\/en\/#website"},"datePublished":"2026-04-29T09:05:00+00:00","dateModified":"2026-04-29T09:05:01+00:00","breadcrumb":{"@id":"https:\/\/baeder.stw.at\/en\/barrierefreiheitserklarung\/#breadcrumb"},"inLanguage":"en-US","potentialAction":[{"@type":"ReadAction","target":["https:\/\/baeder.stw.at\/en\/barrierefreiheitserklarung\/"]}]},{"@type":"BreadcrumbList","@id":"https:\/\/baeder.stw.at\/en\/barrierefreiheitserklarung\/#breadcrumb","itemListElement":[{"@type":"ListItem","position":1,"name":"Home","item":"https:\/\/baeder.stw.at\/en\/"},{"@type":"ListItem","position":2,"name":"Barrierefreiheitserkl\u00e4rung"}]},{"@type":"WebSite","@id":"https:\/\/baeder.stw.at\/en\/#website","url":"https:\/\/baeder.stw.at\/en\/","name":"baeder.stw.at","description":"","publisher":{"@id":"https:\/\/baeder.stw.at\/en\/#organization"},"potentialAction":[{"@type":"SearchAction","target":{"@type":"EntryPoint","urlTemplate":"https:\/\/baeder.stw.at\/en\/?s={search_term_string}"},"query-input":{"@type":"PropertyValueSpecification","valueRequired":true,"valueName":"search_term_string"}}],"inLanguage":"en-US"},{"@type":"Organization","@id":"https:\/\/baeder.stw.at\/en\/#organization","name":"Stadtwerke Klagenfurt AG","url":"https:\/\/baeder.stw.at\/en\/","logo":{"@type":"ImageObject","inLanguage":"en-US","@id":"https:\/\/baeder.stw.at\/en\/#\/schema\/logo\/image\/","url":"https:\/\/baeder.stw.at\/wp-content\/uploads\/2026\/01\/strandbad-logo.png","contentUrl":"https:\/\/baeder.stw.at\/wp-content\/uploads\/2026\/01\/strandbad-logo.png","width":183,"height":48,"caption":"Stadtwerke Klagenfurt AG"},"image":{"@id":"https:\/\/baeder.stw.at\/en\/#\/schema\/logo\/image\/"},"sameAs":["http:\/\/facebook.com\/stadtwerkeklagenfurt","http:\/\/instagram.com\/stadtwerkeklagenfurt\/"]}]}},"_links":{"self":[{"href":"https:\/\/baeder.stw.at\/en\/wp-json\/wp\/v2\/pages\/2920","targetHints":{"allow":["GET"]}}],"collection":[{"href":"https:\/\/baeder.stw.at\/en\/wp-json\/wp\/v2\/pages"}],"about":[{"href":"https:\/\/baeder.stw.at\/en\/wp-json\/wp\/v2\/types\/page"}],"author":[{"embeddable":true,"href":"https:\/\/baeder.stw.at\/en\/wp-json\/wp\/v2\/users\/4"}],"replies":[{"embeddable":true,"href":"https:\/\/baeder.stw.at\/en\/wp-json\/wp\/v2\/comments?post=2920"}],"version-history":[{"count":1,"href":"https:\/\/baeder.stw.at\/en\/wp-json\/wp\/v2\/pages\/2920\/revisions"}],"predecessor-version":[{"id":2921,"href":"https:\/\/baeder.stw.at\/en\/wp-json\/wp\/v2\/pages\/2920\/revisions\/2921"}],"wp:attachment":[{"href":"https:\/\/baeder.stw.at\/en\/wp-json\/wp\/v2\/media?parent=2920"}],"wp:term":[{"taxonomy":"page_activity","embeddable":true,"href":"https:\/\/baeder.stw.at\/en\/wp-json\/wp\/v2\/page_activity?post=2920"},{"taxonomy":"page_category","embeddable":true,"href":"https:\/\/baeder.stw.at\/en\/wp-json\/wp\/v2\/page_category?post=2920"}],"curies":[{"name":"wp","href":"https:\/\/api.w.org\/{rel}","templated":true}]}}

Barrierefreiheitserklärung

<div id="ep-block-spacer-block_5830ac88b9297d66ce5310a36456b26c" class="ep-block-spacer ep-block ">
            <div  class="show-frontend gbg-white py-0!">
                        <style>
                #ep-spacer-ZNMZp {
                    height: 100px;
                }

                @media (max-width: 767px) {
                    #ep-spacer-ZNMZp {
                        height: 40px;
                    }
                }

                @media (min-width: 768px) and (max-width: 1023px) {
                    #ep-spacer-ZNMZp {
                        height: 60px;
                    }
                }
            </style>
            <div id="ep-spacer-ZNMZp"></div>
        </div>
    </div>


<div id="ep-wysiwyg-block_fce52e87c00449bc40eb2523dfd28cea" class="ep-wysiwyg ep-block ">
                        <div class="show-frontend gbg-white">
                <div class="ep-inner">
                    <div class="text  ep-wysiwyg-styles"><h1>Barrierefreiheitserklärung – Baeder.stw.at</h1>
<p class="font-claude-response-body break-words whitespace-normal leading-[1.7]">Die Stadtwerke Klagenfurt AG ist bestrebt, ihre Website <strong>bäder.stw.at</strong> im Einklang mit dem Web-Zugänglichkeits-Gesetz (WZG) sowie der Richtlinie (EU) 2016/2102 über den barrierefreien Zugang zu den Websites und mobilen Anwendungen öffentlicher Stellen barrierefrei zugänglich zu machen.</p>
<p class="font-claude-response-body break-words whitespace-normal leading-[1.7]">Diese Erklärung zur Barrierefreiheit gilt für die Website <strong>bäder.stw.at</strong>.</p>
<hr class="border-border-200 border-t-0.5 my-3 mx-1.5" />
<h3 class="text-text-100 mt-3 -mb-1 text-[1.125rem] font-bold">Stand der Vereinbarkeit mit den Anforderungen</h3>
<p class="font-claude-response-body break-words whitespace-normal leading-[1.7]">Die Website ist teilweise mit Konformitätsstufe AA der Web Content Accessibility Guidelines – WCAG 2.1 vereinbar.</p>
<hr class="border-border-200 border-t-0.5 my-3 mx-1.5" />
<h3 class="text-text-100 mt-3 -mb-1 text-[1.125rem] font-bold">Nicht barrierefreie Inhalte</h3>
<p class="font-claude-response-body break-words whitespace-normal leading-[1.7]">Die nachfolgenden Inhalte sind aus folgenden Gründen nicht barrierefrei:</p>
<ul class="[li_&amp;]:mb-0 [li_&amp;]:mt-1 [li_&amp;]:gap-1 [&amp;:not(:last-child)_ul]:pb-1 [&amp;:not(:last-child)_ol]:pb-1 list-disc flex flex-col gap-1 pl-8 mb-3">
<li class="whitespace-normal break-words pl-2"><strong>Farbkontraste 1.4.3 (AA):</strong> Text und Hintergrund weisen nicht immer ausreichende Kontraste auf.</li>
<li class="whitespace-normal break-words pl-2"><strong>PDF-Dokumente 1.1.1 (A), 1.3.1 (A), 1.3.2 (A) u. a.:</strong> PDF-Dateien sind nicht durchgängig barrierefrei aufbereitet (z. B. fehlende Tags, Lesezeichen oder Lesereihenfolge).</li>
</ul>
<p class="font-claude-response-body break-words whitespace-normal leading-[1.7]"><strong>Begründung:</strong> Die Barrieren bestehen aufgrund der Komplexität der Inhalte und historisch gewachsener technischer Strukturen. Eine vollständige Barrierefreiheit wird angestrebt.</p>
<hr class="border-border-200 border-t-0.5 my-3 mx-1.5" />
<h3 class="text-text-100 mt-3 -mb-1 text-[1.125rem] font-bold">Erstellung dieser Erklärung</h3>
<p class="font-claude-response-body break-words whitespace-normal leading-[1.7]">Diese Erklärung wurde am <strong>29. April 2026</strong> erstellt.</p>
<p class="font-claude-response-body break-words whitespace-normal leading-[1.7]">Die Bewertung der Website basiert auf einer Selbsteinschätzung, automatisierten Tests sowie manuellen Tests einzelner Seiten.</p>
<hr class="border-border-200 border-t-0.5 my-3 mx-1.5" />
<h3 class="text-text-100 mt-3 -mb-1 text-[1.125rem] font-bold">Feedback und Kontakt</h3>
<p class="font-claude-response-body break-words whitespace-normal leading-[1.7]">Sie sind auf Barrieren gestoßen, die nicht in dieser Erklärung aufgeführt sind? Oder Sie möchten Informationen in barrierefreier Form anfordern?</p>
<p class="font-claude-response-body break-words whitespace-normal leading-[1.7]">Dann kontaktieren Sie uns bitte:</p>
<p class="font-claude-response-body break-words whitespace-normal leading-[1.7]"><strong>Stadtwerke Klagenfurt AG</strong> St. Veiter Straße 31 9020 Klagenfurt am Wörthersee</p>
<p class="font-claude-response-body break-words whitespace-normal leading-[1.7]"><a class="underline underline underline-offset-2 decoration-1 decoration-current/40 hover:decoration-current focus:decoration-current" href="tel:+43463521880">+43 463 521 880</a> ✉️ <a class="underline underline underline-offset-2 decoration-1 decoration-current/40 hover:decoration-current focus:decoration-current" href="mailto:marketing@stw.at">marketing@stw.at</a></p>
</div>
                </div>
            </div>
            </div>


<div id="ep-block-spacer-block_5830ac88b9297d66ce5310a36456b26c" class="ep-block-spacer ep-block ">
            <div  class="show-frontend gbg-white py-0!">
                        <style>
                #ep-spacer-uovwv {
                    height: 100px;
                }

                @media (max-width: 767px) {
                    #ep-spacer-uovwv {
                        height: 40px;
                    }
                }

                @media (min-width: 768px) and (max-width: 1023px) {
                    #ep-spacer-uovwv {
                        height: 60px;
                    }
                }
            </style>
            <div id="ep-spacer-uovwv"></div>
        </div>
    </div>

<!-- This site is optimized with the Yoast SEO Premium plugin v27.5 (Yoast SEO v27.5) - https://yoast.com/product/yoast-seo-premium-wordpress/ -->
<title>Barrierefreiheitserklärung - baeder.stw.at</title>
<meta name="robots" content="index, follow, max-snippet:-1, max-image-preview:large, max-video-preview:-1" />
<link rel="canonical" href="https://baeder.stw.at/en/barrierefreiheitserklarung/" />
<meta property="og:locale" content="en_US" />
<meta property="og:type" content="article" />
<meta property="og:title" content="Barrierefreiheitserklärung" />
<meta property="og:url" content="https://baeder.stw.at/en/barrierefreiheitserklarung/" />
<meta property="og:site_name" content="baeder.stw.at" />
<meta property="article:publisher" content="http://facebook.com/stadtwerkeklagenfurt" />
<meta property="article:modified_time" content="2026-04-29T09:05:01+00:00" />
<meta name="twitter:card" content="summary_large_image" />
<script type="application/ld+json" class="yoast-schema-graph">{"@context":"https:\/\/schema.org","@graph":[{"@type":"WebPage","@id":"https:\/\/baeder.stw.at\/en\/barrierefreiheitserklarung\/","url":"https:\/\/baeder.stw.at\/en\/barrierefreiheitserklarung\/","name":"Barrierefreiheitserklärung - baeder.stw.at","isPartOf":{"@id":"https:\/\/baeder.stw.at\/en\/#website"},"datePublished":"2026-04-29T09:05:00+00:00","dateModified":"2026-04-29T09:05:01+00:00","breadcrumb":{"@id":"https:\/\/baeder.stw.at\/en\/barrierefreiheitserklarung\/#breadcrumb"},"inLanguage":"en-US","potentialAction":[{"@type":"ReadAction","target":["https:\/\/baeder.stw.at\/en\/barrierefreiheitserklarung\/"]}]},{"@type":"BreadcrumbList","@id":"https:\/\/baeder.stw.at\/en\/barrierefreiheitserklarung\/#breadcrumb","itemListElement":[{"@type":"ListItem","position":1,"name":"Home","item":"https:\/\/baeder.stw.at\/en\/"},{"@type":"ListItem","position":2,"name":"Barrierefreiheitserklärung"}]},{"@type":"WebSite","@id":"https:\/\/baeder.stw.at\/en\/#website","url":"https:\/\/baeder.stw.at\/en\/","name":"baeder.stw.at","description":"","publisher":{"@id":"https:\/\/baeder.stw.at\/en\/#organization"},"potentialAction":[{"@type":"SearchAction","target":{"@type":"EntryPoint","urlTemplate":"https:\/\/baeder.stw.at\/en\/?s={search_term_string}"},"query-input":{"@type":"PropertyValueSpecification","valueRequired":true,"valueName":"search_term_string"}}],"inLanguage":"en-US"},{"@type":"Organization","@id":"https:\/\/baeder.stw.at\/en\/#organization","name":"Stadtwerke Klagenfurt AG","url":"https:\/\/baeder.stw.at\/en\/","logo":{"@type":"ImageObject","inLanguage":"en-US","@id":"https:\/\/baeder.stw.at\/en\/#\/schema\/logo\/image\/","url":"https:\/\/baeder.stw.at\/wp-content\/uploads\/2026\/01\/strandbad-logo.png","contentUrl":"https:\/\/baeder.stw.at\/wp-content\/uploads\/2026\/01\/strandbad-logo.png","width":183,"height":48,"caption":"Stadtwerke Klagenfurt AG"},"image":{"@id":"https:\/\/baeder.stw.at\/en\/#\/schema\/logo\/image\/"},"sameAs":["http:\/\/facebook.com\/stadtwerkeklagenfurt","http:\/\/instagram.com\/stadtwerkeklagenfurt\/"]}]}</script>
<!-- / Yoast SEO Premium plugin. -->

Barrierefreiheitserklärung - baeder.stw.at
